{"id":651,"date":"2019-11-17T20:14:54","date_gmt":"2019-11-17T20:14:54","guid":{"rendered":"https:\/\/dederer.ch\/geigenbau\/?page_id=651"},"modified":"2019-12-02T23:38:19","modified_gmt":"2019-12-02T23:38:19","slug":"ueber-mich","status":"publish","type":"page","link":"https:\/\/dederer.ch\/geigenbau\/ueber-mich\/","title":{"rendered":"\u00dcber mich"},"content":{"rendered":"<blockquote>\n<p>&#8222;Tradition ist Bewahrung des Feuers und nicht Anbetung der Asche&#8220;\u00a0 &#8211;\u00a0 Gustav Mahler<\/p>\n<\/blockquote>\n<p><img loading=\"lazy\" decoding=\"async\" class=\"alignleft wp-image-16\" src=\"https:\/\/dederer.ch\/geigenbau\/wp-content\/uploads\/u_dederer.jpg\" alt=\"\" width=\"144\" height=\"217\" \/>Ich habe bei Vincenzo und Francesco Bissolotti in Cremona nach der \u201emetodo classico cremonese\u201c Geigenbau gelernt. Nach Erfahrungen in Reparatur und Service von Geigen und Bogen im Atelier Jecklin in Z\u00fcrich, war ich sieben Jahre lang mit der Restauration alter italienischer Instrumente in der Machold-Werkstatt in Wien unter Marcel Richters befasst.<\/p>\n<p>Die Begegnungen mit Musikern der gro\u00dfen Wiener Orchester und Solisten bei Klangeinstellungen waren f\u00fcr mich eine reiche Quelle der Inspiration. 2005 er\u00f6ffnete ich in Z\u00fcrich mein eigenes Atelier mit Arbeitsschwerpunkt im Neubau.<\/p>\n<p>Die Erfahrungen aus der Restauration, die Umsetzung neuester Erkenntnisse aus der Forschung an historischen Instrumenten und der rege Austausch mit Kollegen fliessen in meine k\u00fcnstlerische Arbeit ein und machen jedes Instrument einmalig.<\/p>\n<p><a href=\"https:\/\/dederer.ch\/geigenbau\/preise\/\">F\u00fcr meine Instrumente wurde ich bereits mehrfach bei internationalen Wettbewerben ausgezeichnet &#8211;&gt; Preise<\/a><\/p>\n<h3>CV<\/h3>\n<ul>\n<li>Geboren in Stuttgart 1969<\/li>\n<li>1989-93 Internationale Geigenbauschule in Cremona\/Italien unter Vincenzo Bissolotti<\/li>\n<li>1989 Gesellenpr\u00fcfung in Mittenwald\/Germany<\/li>\n<li>1989-97 Geigenbauerin f\u00fcr Reparaturen und Bogen bei Jecklin in Z\u00fcrch<\/li>\n<li>1998-2005 Geigenrestauratorin bei Machold Rare Violins in Wien<\/li>\n<li>2002 Meisterpr\u00fcfung in Innsbruck<\/li>\n<li>2005 Er\u00f6ffnung des eigenen Ateliers in Z\u00fcrich<\/li>\n<li>Seit 2012 Ausstellung eines Instruments an der j\u00e4hrlichen Ausstellung \u00abContemporary Violin and Bow Makers Exhibition\u00bb in New York\/USA<\/li>\n<li>2013 Ausstellung an der Mondomusica, Cremona\/Italy<\/li>\n<li>2016 Mitglied der Jury beim 13th Henryk Wieniawski Violin Making Competition in Poznan\/Poland<\/li>\n<li>2017und 2018 Teilnahme am Oberlin Acoustics Workshop\/USA<\/li>\n<li>2018 Aussteller-live exhibitor \u201eBest of Europe\u201c beim HomoFaberEvent in Venedig<\/li>\n<li>2018 Mitglied der Jury beim Wettbewerb VSA Competition in Cleveland\/USA in den Kategorien Viola, Cello and Quartett<\/li>\n<li>2019 Leiterin des Lackierkurs organisiert durch Alessandro Tossani and CremonaTools, Cremona<\/li>\n<li>seit 1998 Mitglied im Schweizer Verband der Geigenbauer und Bogenmacher SVGB<\/li>\n<li>seit 2017 Mitglied der Violin Society of America VSA<\/li>\n<\/ul>\n<p><a href=\"https:\/\/dederer.ch\/geigenbau\/wp-content\/uploads\/BioDeutsch.pdf\">BioDeutsch<\/a><\/p>\n<p><figure id=\"attachment_647\" aria-describedby=\"caption-attachment-647\" style=\"width: 300px\" class=\"wp-caption alignnone\"><img loading=\"lazy\" decoding=\"async\" class=\"wp-image-647 size-medium\" src=\"https:\/\/dederer.ch\/geigenbau\/wp-content\/uploads\/UlrikeDederer018_TB_CH_201610-300x200.jpg\" alt=\"\" width=\"300\" height=\"200\" \/><figcaption id=\"caption-attachment-647\" class=\"wp-caption-text\">Violin Maker Ulrike Dederer in her workshop in Z\u00fcrich. Foto: T. Bertelsen\/\u00a9Michelangelo Foundation 2016<\/figcaption><\/figure> <figure id=\"attachment_101\" aria-describedby=\"caption-attachment-101\" style=\"width: 300px\" class=\"wp-caption alignnone\"><img loading=\"lazy\" decoding=\"async\" class=\"size-medium wp-image-101\" src=\"https:\/\/dederer.ch\/geigenbau\/wp-content\/uploads\/dederer1-300x200.jpg\" alt=\"\" width=\"300\" height=\"200\" srcset=\"https:\/\/dederer.ch\/geigenbau\/wp-content\/uploads\/dederer1-300x200.jpg 300w, https:\/\/dederer.ch\/geigenbau\/wp-content\/uploads\/dederer1.jpg 1000w\" sizes=\"auto, (max-width: 300px) 100vw, 300px\" \/><figcaption id=\"caption-attachment-101\" class=\"wp-caption-text\">SONY DSC<\/figcaption><\/figure><\/p>\n","protected":false},"excerpt":{"rendered":"<p>&#8222;Tradition ist Bewahrung des Feuers und nicht Anbetung der Asche&#8220;\u00a0 &#8211;\u00a0 Gustav Mahler Ich habe bei Vincenzo und Francesco Bissolotti in Cremona nach der \u201emetodo classico cremonese\u201c Geigenbau gelernt. Nach Erfahrungen in Reparatur und Service von Geigen und Bogen im Atelier Jecklin in Z\u00fcrich, war ich sieben Jahre lang mit der Restauration alter italienischer Instrumente &hellip; <a href=\"https:\/\/dederer.ch\/geigenbau\/ueber-mich\/\" class=\"more-link\"><span class=\"screen-reader-text\">\u00dcber mich<\/span> weiterlesen <span class=\"meta-nav\">&rarr;<\/span><\/a><\/p>\n","protected":false},"author":2,"featured_media":0,"parent":0,"menu_order":0,"comment_status":"closed","ping_status":"closed","template":"","meta":{"footnotes":""},"class_list":["post-651","page","type-page","status-publish","hentry"],"_links":{"self":[{"href":"https:\/\/dederer.ch\/geigenbau\/wp-json\/wp\/v2\/pages\/651","targetHints":{"allow":["GET"]}}],"collection":[{"href":"https:\/\/dederer.ch\/geigenbau\/wp-json\/wp\/v2\/pages"}],"about":[{"href":"https:\/\/dederer.ch\/geigenbau\/wp-json\/wp\/v2\/types\/page"}],"author":[{"embeddable":true,"href":"https:\/\/dederer.ch\/geigenbau\/wp-json\/wp\/v2\/users\/2"}],"replies":[{"embeddable":true,"href":"https:\/\/dederer.ch\/geigenbau\/wp-json\/wp\/v2\/comments?post=651"}],"version-history":[{"count":8,"href":"https:\/\/dederer.ch\/geigenbau\/wp-json\/wp\/v2\/pages\/651\/revisions"}],"predecessor-version":[{"id":723,"href":"https:\/\/dederer.ch\/geigenbau\/wp-json\/wp\/v2\/pages\/651\/revisions\/723"}],"wp:attachment":[{"href":"https:\/\/dederer.ch\/geigenbau\/wp-json\/wp\/v2\/media?parent=651"}],"curies":[{"name":"wp","href":"https:\/\/api.w.org\/{rel}","templated":true}]}}